*g + 5. Let j be n(6). Suppose 2*y = 4*p - 98, 4*p - 5*y = -0*p + j. What is the units digit of p?
7
Let m be (-12)/(-28) + 31/(-7). Let k = -6 - m. What is the units digit of ((-68)/4)/(k/2)?
7
Let i(f) = -32*f - 38. What is the hundreds digit of i(-8)?
2
Let z = 5 + -5. Let l = z - -1. What is the units digit of l?
1
Let u(m) = 6*m**2 + m. Suppose 35 = -5*l + 5*v, 0*l = 2*l + 3*v - 11. What is the tens digit of u(l)?
2
Let n = 2 - -2. Suppose -2*v - 2*v = -8, 4*b = n*v. What is the units digit of b?
2
Let m = -489 + 717. What is the units digit of m?
8
What is the units digit of 18/(-4)*32/(-12)?
2
Suppose 0 = 4*i, -2*i + 5 = 3*y - 7. Suppose 0*k - 8 = y*k. What is the units digit of 51*(21/9 + k)?
7
Let l = 6 - 4. Suppose 5*h - l*n + 5*n + 33 = 0, 3*n = -4*h - 27. Let c = 11 + h. What is the units digit of c?
5
Suppose f = 5*o - 6*o + 105, 97 = f - o. What is the tens digit of f?
0
Let d(n) = -2*n**3 - 10*n**2 + 13*n - 14. What is the tens digit of d(-7)?
9
Let m = -8 + 11. What is the units digit of -2 + 2 + m - -17?
0
Let u be (-5064)/(-84) + 2/(-7). Let i = -42 + u. What is the units digit of i?
8
Let r(v) be the second derivative of v**8/6720 + v**7/420 + v**5/60 - v**4/6 + 2*v. Let a(g) be the third derivative of r(g). What is the units digit of a(-6)?
2
Let k(s) = 0 - 7*s - 2 + 0. Let z(f) = f**2 - 7*f + 10. Let d be z(3). What is the tens digit of k(d)?
1
Let s be ((-15)/5)/((-2)/2). Suppose -s*x + 6 = -21. Let g = x - 4. What is the units digit of g?
5
Suppose -f + 15 = 4*p, -5*p - 4*f = -0*f - 5. Suppose -p*y = -5*d - 105, 4*y + 3*d = -y + 81. What is the tens digit of y?
1
Let i be (-2)/3*18/(-4). Suppose 0 = 3*t - 2*t + 1. Let a = i + t. What is the units digit of a?
2
Let r(d) = d**3 + 6*d**2 + 5*d + 5. Let k be r(-5). Suppose 14 = k*y - 4*y. What is the units digit of y?
4
Let w(z) = -z**2 + 11*z + 11. Suppose 0 = 2*o + 2*o - 44. What is the units digit of w(o)?
1
Suppose -a = 3*r - 5, -5*r + 2*a - 2 = -3*r. What is the units digit of (1 - 0)*(3 - r)?
2
Let o(v) = v**3 - 4*v**2 + 5*v - 2. Let i = 15 - 11. Let n be o(i). Let m = -9 + n. What is the units digit of m?
9
Let a be (-4*4)/((-5)/(-10)). What is the units digit of 42/(-28)*a/3?
6
Let b = -134 - -250. What is the tens digit of b?
1
Suppose -2*l - 8*q + 300 = -12*q, 0 = 2*q - 2. What is the units digit of l?
2
Let k = 17 - 6. Let a = -10 + k. Suppose 5*b - 2 = -5*p + 2*p, -3*p - a = 2*b. What is the units digit of b?
1
Suppose -b - b + 10 = 2*m, 0 = -2*m - 4*b + 4. What is the units digit of m?
8
Suppose 2*p = 4*p - 4. Let j be ((-6)/4)/(p/4). What is the units digit of (j/4)/(4/(-16))?
3
Suppose 19 = 3*n + 2*n - 3*w, -2*n - 5*w = 11. Suppose -x + n = -0*x. What is the tens digit of (-2)/(x/10*-1)?
1
Suppose -3*u + 12 = -2*u - 3*a, -u + a + 14 = 0. What is the tens digit of u?
1
Let x(z) = z**3 - 2*z**2 - 4*z - 2. Let i(g) = -g**2 - 7*g + 8. Let k be i(-8). Suppose -3*f = -0*l + 3*l - 12, l = k. What is the tens digit of x(f)?
1
Suppose 0 = -3*d + 5*d - c - 316, 0 = c - 2. What is the units digit of d?
9
Let c(i) = -2 - 2 - 6*i**2 + 2*i - i**3 - 3 + 2*i. What is the tens digit of c(-7)?
1
Let f(l) = -l**3 + 18*l**2 - 8*l + 10. What is the tens digit of f(5)?
9
Let n be (1 - -9) + (-4 - -1). Suppose n + 1 = q. What is the units digit of q?
8
Let l = -2 - -6. What is the units digit of l?
4
Let p be 1/(1 - (-1 + 3)). Suppose -4*c = -4*h, -2*h - 4 = -3*h. Let l = c + p. What is the units digit of l?
3
Let f = -14 + -12. Let b = 39 + f. What is the units digit of b?
3
Suppose n = 5*l + 3*n + 14, -8 = l + 3*n. Let u(c) = c - 2. Let p be u(l). Let o = -3 - p. What is the units digit of o?
1
Suppose -t + 3 = 1. Suppose 0 = -5*u - 2*b + 10, t*u = -0*b + 4*b + 4. What is the units digit of u?
2
Let u(z) = -z**2 - 9*z - 4. Let w be u(-9). Let v = -4 - -3. What is the tens digit of (v - w) + (15 - 6)?
1
Let z = 0 + 6. Suppose 2*k = -3*o + z, 10 = 4*k - o - 2. Suppose k*b + 10 = 4*b. What is the tens digit of b?
1
Let q(d) = -d - 4. Let s be q(-6). Suppose s*v - 22 = -0*v. What is the units digit of v?
1
Let k(p) be the second derivative of 3*p + 0 - 1/6*p**3 + p**2. What is the units digit of k(-7)?
9
Suppose 3*i = -2*f + 57, f + 3*i + 14 = 35. What is the tens digit of f?
3
What is the tens digit of ((-96)/9)/((-2)/36*1)?
9
Suppose 15*a - 20*a = -125. What is the units digit of a?
5
Suppose 0 = -f - 2, -z - 53 = 6*f - 2*f. What is the tens digit of ((-3)/5)/(1/z)?
2
Suppose -3*a = x, -2*x + 0*x - 2*a = 8. Let i(t) = -2*t + 5. What is the units digit of i(x)?
7
Let k(j) = j + 1. Let z be -4*6/(-8)*-3. Let b = -4 - z. What is the units digit of k(b)?
6
Let o(r) = 4*r**3 + r**2 - 2*r + 1. Let t be o(1). Suppose 0 = -3*w + t*m + 30, w = 3*w - m - 15. Suppose -8 = -x + w. What is the tens digit of x?
1
Let m = 237 - 97. What is the hundreds digit of m?
1
Let h = -15 - -21. Let d(i) = i**3 - 6*i**2 + i - 7. Let k be d(h). Let z = k - -2. What is the units digit of z?
1
Suppose 5*r + 42 = 4*d, -3*d = -8*d + 5*r + 55. Suppose p - d = -5. What is the units digit of p?
8
Suppose 2*c - 10 - 64 = 0. What is the units digit of c?
7
Let h(n) = -n**3 + 7*n**2 + 2. Suppose 9 = -0*i - i. Let d = i - -16. What is the units digit of h(d)?
2
Let c(w) = w**3 + w**2 + w + 3. Let v be c(0). Let s = -9 + 9. Suppose v*l + 1 - 13 = s. What is the units digit of l?
4
Let l(p) = -3*p**3 - 11*p**2 + 9*p - 12. Let w(j) = j**3 - 1. Let q(t) = l(t) + 2*w(t). What is the units digit of q(-12)?
2
Suppose -12 = 3*x + x. Let u be 2/x*(0 - 15). Suppose z = -z + u. What is the units digit of z?
5
Suppose -3 = -2*c - 5*j - 115, j = -2*c - 96. Let s = c + 81. What is the tens digit of s?
3
Let n(b) = -5*b - 9. What is the tens digit of n(-7)?
2
Suppose 4*p - 36 = 28. Suppose 3*g = 5*g - p. What is the units digit of (1 + -3)/(g/(-20))?
5
Let d = 96 + -52. What is the units digit of d?
4
Let x = 13 + -6. Let i(r) = r**3 + 3*r**2 - r. Let v be i(-3). Let w = x - v. What is the units digit of w?
4
Suppose -4 = -c - 3*c, -q + 13 = -c. What is the units digit of q?
4
Suppose -200 = -9*a + 5*a. What is the units digit of a?
0
Let y be (-11)/(-2) + (-1)/2. Let f be (1/(-3))/(4/(-24)). Let i = y - f. What is the units digit of i?
3
Suppose 20 = j + j. Let a(y) = y**2 - 10*y + 11. What is the tens digit of a(j)?
1
Let r(p) = -2*p - 2. Let l(u) be the first derivative of u**3/3 + 4*u**2 + 9*u + 2. Let v be l(-6). What is the units digit of r(v)?
4
Let p(s) = -s**3 + 5*s**2 - 6*s + 7. Let m be p(5). Let t = m - -32. What is the units digit of t?
9
Let m(y) = -y**3 + 11*y**2 + 16*y - 7. What is the hundreds digit of m(11)?
1
Let c = 0 - 0. Suppose c*g - 16 = -2*g. What is the units digit of g?
8
Let g be (30 - 1 - -1) + -2. Suppose -64 = -2*s - 2*b, -38 - g = -2*s - 4*b. What is the tens digit of s?
3
Let u be ((-26)/5)/((-3)/(-30)). What is the units digit of 102/13 + (-8)/u?
8
Let d(y) = y**3 + 2*y**2 + 11. Let h(n) = -n**3 - n**2 - 5. Let k(p) = -6*d(p) - 13*h(p). What is the units digit of k(1)?
7
Let p(q) = 7*q**3 - 27*q**2 - q + 7. Let f(x) = -3*x**3 + 13*x**2 + x - 3. Let s(w) = 9*f(w) + 4*p(w). What is the units digit of s(-8)?
5
Suppose -2*j - 11 = -5*z + 1, -2*j - 3*z + 4 = 0. What is the units digit of 2 - (j - (3 + 1))?
7
Suppose 21 = 5*f - x - 149, 180 = 5*f - 3*x. What is the tens digit of f?
3
Let s(r) = -r**2 + 3*r - 1. Let y be s(3). Let u be (5/(-4))/(y/8). Let g = u - 2. What is the units digit of g?
8
Suppose 2*y - 4*h + h = 2, -2*y - 2*h + 12 = 0. Let p(i) = -2*i**3 - 2 + i**3 + 0*i + 4*i**2 + i. What is the units digit of p(y)?
2
Let g(b) = -b**3 + 7*b**2 - 5*b + 6. Let l(x) = -3*x - 12. Let a be l(-6). What is the tens digit of g(a)?
1
Let b(g) = 3*g + 12. Let p(w) = -w - 6. Let c(m) = -2*b(m) - 5*p(m). Let z(i) = -i - 6. Let j be z(-6). What is the units digit of c(j)?
6
Let d = 8 + 1. Let j be 9/5 + 1/5. Let q = d + j. What is the units digit of q?
1
What is the tens digit of (18 - 16) + (376 - -2)?
8
Let n be (6 + -6)*2/4. Suppose n = -2*f + 4, c - 2*c = -f - 8. What is the tens digit of 0*2/4 + c?
1
Let a(b) = b**2 + b + 1. Let t be a(-2). Suppose -t*y = -0*y - 48. What is the tens digit of y?
1
Let b(s) = 2*s - 2. Let n be b(2). Let r be 4/(8/10) - n. Suppose 0*w + 24 = r*w. What is the units digit 